 u(19).
411
Let t(a) = 17875*a - 53736. Give t(3).
-111
Let p(o) = -26*o**2 - 2927*o + 5857. Give p(2).
-101
Let u(i) = 4*i**2 - 603*i + 7696. Calculate u(14).
38
Let k(o) = -5*o**2 - 2*o + 875. What is k(13)?
4
Let b(u) = -57*u - 1271. Calculate b(-22).
-17
Let t(d) = 3*d**2 - 1978*d - 438039. Calculate t(-175).
-14
Let o(j) = 28289*j - 141548. Calculate o(5).
-103
Let q(z) = 361*z - 1271. What is q(4)?
173
Let h(z) = z**3 + 46*z**2 + 743*z + 20120. Calculate h(-40).
0
Let y(g) = 6368*g - 38326. Calculate y(6).
-118
Let c(a) = -a**3 + 82*a**2 + 8304*a + 2070. Give c(141).
-45
Let r(l) = 6107*l - 18320. What is r(3)?
1
Let o(k) = 157*k - 8340. Determine o(48).
-804
Let w(v) = v**2 - 20*v - 3148. Determine w(70).
352
Let d(t) = -2*t**3 - 1302*t**2 - 9*t + 38. What is d(0)?
38
Let g(d) = d**3 - 29*d**2 + 264*d + 201. Give g(15).
1011
Let l(c) = -9253*c + 7226524. Give l(781).
-69
Let m(t) = -t**2 - 627*t + 25956. Give m(40).
-724
Let l(s) = 702*s**2 + 21062*s + 28. Calculate l(-30).
-32
Let t(p) = -12*p**2 - 1011*p - 2017. What is t(-2)?
-43
Let m(b) = b**3 + 55*b**2 + 255*b + 43. Determine m(-50).
-207
Let o(d) = d**3 + 22*d**2 + 20*d - 110. Calculate o(-20).
290
Let f(u) = 4*u**3 + 11354*u**2 - 11353*u - 1. Give f(1).
4
Let w(f) = -11*f**2 + 4245*f - 21036. Give w(5).
-86
Let g(p) = 256*p**2 - 400*p - 2487. Determine g(4).
9
Let r(k) = -k**2 - 1161*k + 198143. What is r(151)?
31
Let b(h) = h**3 - 13*h**2 - 889*h + 1. Determine b(-24).
25
Let b(q) = 553002*q - 17143061. Calculate b(31).
1
Let g(y) = 1118*y - 17891. Calculate g(16).
-3
Let z(i) = -2*i**2 - 277*i + 28897. What is z(-208)?
-15
Let k(t) = -t**2 - 130*t + 8770. What is k(49)?
-1
Let w(s) = -3*s**2 + 268*s + 14030. Give w(-37).
7
Let v(u) = -34974*u - 139887. Calculate v(-4).
9
Let q(u) = -11*u**2 - 30598*u - 213651. What is q(-7)?
-4
Let r(y) = 219*y + 22931. Determine r(-102).
593
Let y(m) = -223561*m - 4024078. What is y(-18)?
20
Let g(s) = -2496*s - 89914. What is g(-36)?
-58
Let v(r) = 737*r - 155695. Give v(212).
549
Let o(t) = 6*t**2 + 1443*t - 32944. Determine o(21).
5
Let b(z) = 131*z - 6579. Determine b(52).
233
Let v(t) = -7016*t - 84957. What is v(-12)?
-765
Let q(n) = n**2 + 49*n - 501. Calculate q(9).
21
Let l(x) = -4611*x + 125689. Give l(28).
-3419
Let s(n) = n**2 + 150*n - 13999. Give s(66).
257
Let g(n) = -371*n**2 - 6679*n + 36. Give g(-18).
54
Let s(l) = -5*l**2 - 748*l + 3210. Determine s(-154).
-178
Let z(k) = -k**3 + 32*k**2 + 4365*k - 139. Calculate z(-52).
17
Let j(r) = -3116*r**2 + 15588*r - 49. What is j(5)?
-9
Let r(a) = 982*a - 182063. Calculate r(185).
-393
Let g(k) = -10*k**2 - 575*k - 1117. Determine g(-2).
-7
Let j(l) = 32*l**3 - 1182*l**2 - 75*l + 136. Give j(37).
99
Let p(i) = -6878*i - 55190. Determine p(-8).
-166
Let r(x) = -7*x**2 - 3456*x - 29575. Determine r(-485).
10
Let s(k) = 27*k**2 - 126*k + 117. Give s(5).
162
Let c(p) = 11*p**3 + 3872*p**2 + 88*p + 30970. Determine c(-352).
-6
Let c(f) = -18*f**3 + 276*f**2 - 104*f + 232. Determine c(15).
22
Let p(o) = -o**3 + 22*o**2 + 180*o - 152. What is p(28)?
184
Let j(b) = 67*b**2 - 889*b + 279. Calculate j(13).
45
Let q(f) = 4*f**3 + f**2 - 23289*f + 46576. Give q(2).
34
Let q(w) = w**2 - 68*w - 8510. What is q(132)?
-62
Let t(d) = -173184*d + 9698299. Determine t(56).
-5
Let u(m) = m**3 - 14*m**2 - 145*m + 1966. Give u(11).
8
Let o(d) = 2*d**3 + 86*d**2 - 8196*d + 358. Give o(46).
-10
Let v(p) = p**3 + 54*p**2 + 278*p + 32. Determine v(-6).
92
Let k(m) = m**3 - 23*m**2 - 77*m + 2881. Calculate k(14).
39
Let h(s) = -3*s**2 + 399*s + 10564. Give h(155).
334
Let p(z) = -z**2 + 240*z + 51105. Determine p(-136).
-31
Let k(a) = -2042*a - 263708. Give k(-129).
-290
Let t(p) = -3070*p + 18863. What is t(6)?
443
Let y(q) = -93*q**2 + 6429*q - 832. What is y(69)?
-4
Let l(p) = p**3 - 189*p**2 - 587*p + 93. What is l(192)?
-2019
Let m(p) = -2*p**3 + 4*p**2 + 531174*p - 1593528. Calculate m(3).
-24
Let u(s) = -143564*s + 861343. Determine u(6).
-41
Let j(i) = 4*i**3 - 47*i**2 - 38*i + 151. What is j(9)?
-1082
Let p(k) = -1567*k + 14109. What is p(9)?
6
Let b(t) = -75215*t - 225651. Give b(-3).
-6
Let d(r) = -29*r**2 - 9378*r + 5826. Calculate d(-324).
-6
Let z(b) = -328*b - 3669. Calculate z(-10).
-389
Let v(l) = 22413*l - 3765370. Calculate v(168).
14
Let z(u) = -13606*u + 285802. Give z(21).
76
Let x(a) = a**3 + 19*a**2 + 112*a + 16. Give x(-9).
-182
Let m(y) = 2065*y - 18399. What is m(9)?
186
Let c(g) = -g**3 + 24876*g**2 - 124356*g + 8. Determine c(5).
3
Let h(f) = -78*f**2 - 626*f - 38. Calculate h(-8).
-22
Let z(q) = q**2 - 17*q - 237550. Calculate z(-479).
34
Let r(z) = -z**3 + 359*z**2 - 5738*z - 1283. Determine r(17).
9
Let u(q) = -4*q**2 + 4432*q - 56943. Determine u(13).
-3
Let d(q) = 38*q**2 - 32195*q + 7611. Give d(847).
-12
Let i(j) = -j**3 + 1191*j**2 - 8259*j - 34346. What is i(1184)?
-10
Let k(t) = 1144428*t - 48065979. Calculate k(42).
-3
Let h(x) = 978*x + 70375. What is h(-72)?
-41
Let u(r) = -2*r**3 + 221*r**2 + 4734*r + 5028. Give u(129).
-3
Let y(z) = 7495*z + 1169208. What is y(-156)?
-12
Let t(j) = -204793*j + 819163. Give t(4).
-9
Let m(x) = -x**2 + 7785*x + 164074. What is m(-21)?
148
Let t(x) = 1321*x - 20508. What is t(17)?
1949
Let b(f) = f**3 + 23*f**2 + 13*f - 130. Determine b(0).
-130
Let w(z) = 86788*z - 173552. Calculate w(2).
24
Let q(l) = 2*l**2 - 296*l + 627. Determine q(146).
43
Let z(d) = 879*d - 33396. What is z(38)?
6
Let i(t) = -14951*t**2 - 373776*t - 25. Give i(-25).
0
Let w(a) = 26505*a - 1402. Give w(0).
-1402
Let u(i) = i**3 - 10*i**2 + 342*i - 2613. Determine u(8).
-5
Let i(h) = -7839*h - 6333934. Give i(-808).
-22
Let q(d) = -18533*d + 1964491. Calculate q(106).
-7
Let h(t) = -t**2 - 38*t + 733. What is h(29)?
-1210
Let l(n) = 8254*n - 6580. Calculate l(1).
1674
Let z(p) = 26*p**2 - 188*p - 1845. What is z(-8)?
1323
Let i(m) = m**3 + 9*m**2 - 168*m - 939. Determine i(-16).
-43
Let z(o) = -18*o**2 + 39*o + 462. What is z(-4)?
18
Let n(w) = -11777*w - 23606. What is n(-2)?
-52
Let a(q) = -28*q**2 - 12*q + 404. Calculate a(-6).
-532
Let z(v) = 3*v**2 + 29*v - 591. What is z(-33)?
1719
Let c(k) = -2*k**3 + 78*k**2 - 760*k + 1970. Determine c(9).
-10
Let h(z) = 31*z**3 - 274*z**2 - 54*z + 52. What is h(9)?
-29
Let p(s) = 99*s**3 + 486*s**2 - 52*s - 32. Determine p(-5).
3
Let g(u) = -11*u**3 + 243*u**2 - 275*u + 36. Determine g(1).
-7
Let n(s) = -17*s**2 + 228*s + 1000. Calculate n(-4).
-184
Let s(l) = -l**2 - 3194*l + 93447. Give s(29).
-20
Let k(o) = -1366*o**2 - 173486*o - 520. Determine k(-127).
-12
Let l(b) = -8*b**3 + 953*b**2 - 118*b - 127. What is l(119)?
-8
Let h(y) = -164034*y + 12466585. What is h(76)?
1
Let s(x) = -1157*x + 105415. What is s(91)?
128
Let d(c) = -c**3 + 421*c**2 + 29944*c + 837. Give d(483).
-129
Let w(u) = 5*u**2 + 58*u + 136. Give w(-12).
160
Let a(z) = -2*z**3 + 228*z**2 - 2963*z - 672. Calculate a(99).
21
Let z(l) = 10*l**2 + 2472*l + 24654. What is z(-10)?
934
Let b(t) = 714*t - 20565. What is b(29)?
141
Let r(u) = 273*u - 14350. Determine r(50).
-700
Let r(v) = v**3 + 46*v**2 - 43*v + 1108. Calculate r(-47).
920
Let t(g) = 15*g**2 - 271*g + 835. Calculate t(3).
157
Let m(q) = 1263*q - 16828. What is m(11)?
-2935
Let x(m) = 81*m**3 + 1699*m**2 - 51*m + 24. Determine x(-21).
213
Let k(a) = a**3 + 16*a**2 + 2727*a + 11. What is k(0)?
11
Let v(i) = -1240*i - 10955. Determine v(-9).
205
Let b(n) = -n**2 + 2091*n - 59807. Determine b(29).
-9
Let z(b) = -b**3 + 64*b**2 + 748*b + 905. What is z(74)?
1497
Let m(z) = z**3 - 83*z**2 + 1503*z + 1003. Give m(28).
-33
Let c(s) = -823*s + 37101. Determine c(45).
66
Let m(j) = j**2 - 525*j + 30958. Give m(70).
-892
Let v(c) = c**3 + 29*c**2 + 64*c + 1609. Calculate v(-29).
-247
Let q(u) = 2*u**3 + 545*u**2 - 13918*u - 1389. What is q(-296)?
387
Let s(q) = -q**3 - 59*q**2 + 2421*q - 689. Calculate s(-87).
616
Let k(q) = 9*q**3 - 606*q**2 + 1375*q - 662. Determine k(65).
-12
Let h(c) = -23134*c**2 + 138816*c - 74. What is h(6)?
-2
Let h(q) = q**3 + 10*q**2 - 2156*q - 30. Calculate h(41).
-2695
Let f(n) = n**3 + 718*n**2 + 59672*n - 3790. Calculate f(-96).
50
Let p(j) = 418*j**3 + j**2 - 96*j - 97. What is p(-1)?
-418
Let y(t) = 9449*t - 293086. Calculate y(31).
-167
Let c(p) = 3*p**3 + 51*p**2